9 a prime number?
True
Is 2624693 a prime number?
True
Is 5665451 a prime number?
False
Is 133329589 composite?
True
Is 10199053 prime?
True
Is 1510919 a composite number?
True
Is 68871971 composite?
True
Is 2037445 a composite number?
True
Is 28028797 a composite number?
True
Is 10436015 prime?
False
Is 148871 composite?
True
Is 7223063 prime?
False
Is 169573201 prime?
False
Is 618917 a composite number?
True
Is 1887371 a composite number?
True
Is 8477987 a composite number?
True
Is 6793093 prime?
True
Is 205728643 a prime number?
False
Is 57891763 a composite number?
True
Is 15177361 composite?
False
Is 993691 a prime number?
False
Is 1200799 composite?
False
Is 2503007 prime?
False
Is 995509 a composite number?
True
Is 2460259 prime?
False
Is 43101683 prime?
False
Is 643507 a composite number?
False
Is 4018187 prime?
False
Is 102921293 prime?
False
Is 2138293 a composite number?
True
Is 12424771 prime?
True
Is 1517983 prime?
True
Is 58829863 a composite number?
False
Is 1380377 a prime number?
True
Is 2270221 a prime number?
False
Is 16113719 a composite number?
False
Is 69820019 composite?
True
Is 251424617 a composite number?
False
Is 13863517 a composite number?
True
Is 10330231 prime?
True
Is 84437687 composite?
False
Is 44996587 a prime number?
True
Is 402591647 composite?
False
Is 1819471 a composite number?
False
Is 15114535 composite?
True
Is 748669 a composite number?
False
Is 494317 a composite number?
False
Is 2719447 a composite number?
False
Is 35048869 prime?
True
Is 181771 a prime number?
False
Is 3570197 a composite number?
True
Is 24709637 composite?
True
Is 11855111 composite?
False
Is 5190127 prime?
True
Is 332027 composite?
True
Is 188815457 a prime number?
True
Is 63617321 prime?
True
Is 69940265 prime?
False
Is 29875661 composite?
True
Is 217937849 a prime number?
True
Is 4031047 composite?
False
Is 388321 a prime number?
False
Is 79305341 prime?
True
Is 909269 a prime number?
False
Is 9445883 a composite number?
True
Is 1179467 a prime number?
True
Is 8174393 composite?
True
Is 515029897 prime?
True
Is 1349101697 a prime number?
False
Is 1111501 a prime number?
False
Is 113615617 prime?
True
Is 11046797 composite?
False
Is 1635479 a composite number?
False
Is 1167763 prime?
True
Is 3595543 a composite number?
True
Is 43996769 a composite number?
True
Is 29313463 a composite number?
False
Is 342761723 prime?
True
Is 625403 composite?
True
Is 30964489 prime?
False
Is 42470366 a composite number?
True
Is 6777115 prime?
False
Is 2936251 prime?
True
Is 5344447 composite?
True
Is 1628496013 a prime number?
True
Is 573562021 a prime number?
False
Is 176777689 a prime number?
False
Is 344791 a prime number?
True
Is 665701 composite?
True
Is 24982381 prime?
True
Is 20090471 a prime number?
True
Is 5599367 a composite number?
False
Is 83949 prime?
False
Is 1662541 a composite number?
True
Is 32751347 a composite number?
False
Is 20654717 composite?
True
Is 3587669 a prime number?
True
Is 162545039 a prime number?
True
Is 9258091 composite?
False
Is 3041651 a composite number?
False
Is 610109177 prime?
False
Is 1765707 composite?
True
Is 105536701 a prime number?
False
Is 6447011 a prime number?
False
Is 7860007 prime?
False
Is 4112939 a composite number?
False
Is 131785877 a composite number?
False
Is 311310399 prime?
False
Is 7234433 a composite number?
False
Is 33172071 composite?
True
Is 52489 composite?
False
Is 8659037 a prime number?
True
Is 13517887 prime?
True
Is 3470821 a composite number?
False
Is 2083097 a prime number?
False
Is 5506559 a prime number?
True
Is 281444239 composite?
True
Is 45569639 composite?
True
Is 7708286 a prime number?
False
Is 823087 a prime number?
False
Is 4770219 composite?
True
Is 2882618 prime?
False
Is 49645069 prime?
False
Is 18234121 composite?
True
Is 33233393 a composite number?
True
Is 107004911 a prime number?
False
Is 29161073 a prime number?
False
Is 117109061 a prime number?
True
Is 131372509 composite?
False
Is 36444241 a composite number?
True
Is 179083 composite?
False
Is 6290309 a prime number?
True
Is 18468497 prime?
True
Is 2397371 composite?
False
Is 4941359 prime?
True
Is 9552689 a prime number?
True
Is 141731 composite?
False
Is 435181133 prime?
False
Is 4911314 prime?
False
Is 180458365 a composite number?
True
Is 1901749 a prime number?
True
Is 973235 a composite number?
True
Is 12004087 prime?
True
Is 2936509 composite?
True
Is 7090997 a prime number?
False
Is 17997517 composite?
True
Is 156911 a prime number?
False
Is 231004867 a composite number?
False
Is 1107593 prime?
True
Is 2795179 a prime number?
False
Is 201467261 a prime number?
False
Is 63633557 a composite number?
True
Is 9213811 composite?
True
Is 5486267 composite?
False
Is 41868473 a prime number?
False
Is 2788663 prime?
False
Is 1980719 a composite number?
True
Is 128150474 a composite number?
True
Is 271250417 composite?
True
Is 133379479 prime?
True
Is 107956757 composite?
False
Is 2310679 a prime number?
False
Is 20876047 prime?
True
Is 1670011 prime?
False
Is 13295123 a prime number?
True
Is 849259 a prime number?
False
Is 2695281 prime?
False
Is 3714413 a composite number?
True
Is 6200637 a prime number?
False
Is 1011155 a prime number?
False
Is 398243 a prime number?
False
Is 182151371 a prime number?
True
Is 65452421 a composite number?
True
Is 73746553 a composite number?
False
Is 77086319 a composite number?
False
Is 5647297 a prime number?
False
Is 130853297 prime?
True
Is 549217 a prime number?
False
Is 1440463 composite?
True
Is 1277603 a prime number?
False
Is 1731151 a composite number?
True
Is 123851509 prime?
True
Is 83117057 composite?
True
Is 470090294 a prime number?
False
Is 30886279 a composite number?
False
Is 147991 composite?
True
Is 4550921 a prime number?
True
Is 355755949 a composite number?
False
Is 143638501 a prime number?
True
Is 2363659 prime?
False
Is 78125731 a composite number?
False
Is 1549879 a prime number?
False
Is 3110477 a composite number?
False
Is 13801091 prime?
True
Is 259507613 prime?
True
Is 160578361 a composite number?
True
Is 14629673 prime?
False
Is 4132163 a composite number?
True
Is 1024781 a composite number?
True
Is 47551997 composite?
False
Is 2959391 a prime number?
True
Is 14903503 a prime number?
False
Is 350249065 prime?
False
Is 30428591 composite?
False
Is 2153119 a composite number?
True
Is 195756983 composite?
False
Is 3465659 prime?
True
Is 6557963 composite?
False
Is 168013753 composite?
False
Is 26098503 composite?
True
Is 555349543 prime?
False
Is 69781673 composite?
True
Is 9021511 prime?
True
Is 79233593 a composite number?
False
Is 101741099 a composite number?
True
Is 2667517 a prime number?
False
Is 12013259 prime?
True
Is 41632931 composite?
True
Is 252869 composite?
False
Is 216499 a prime number?
False
Is 1117757 prime?
True
Is 574917221 composite?
True
Is 91642539 a prime number?
False
Is 754049 composite?
True
Is 3510803 prime?
True
Is 292223879 a composite number?
False
Is 9032929 composite?
False
Is 758129 a prime number?
False
Is 68530415 composite?
True
Is 1030057 composite?
True
Is 393137 a prime number?
True
Is 335003127 a prime number?
False
Is 346757401 composite?
False
Is 193301 composite?
False
Is 58616021 a composite number?
False
Is 64959007 prime?
True
Is 16573367 a composite number?
False
Is 8099155 a composite number?
True
Is 1019921 composite?
True
Is 2559941 a prime number?
False
Is 3135283 prime?
True
Is 810871 a prime number?
True
Is 1968081787 prime?
False
Is 60119303 a prime number?
True
Is 110109497 prime?
True
Is 10056559 a prime number?
False
Is 2212577 a prime number?
False
Is 9610301 composite?
False
Is 79580617 prime?
False
Is 4841461 a prime number?
True
Is 12942179 a prime number?
True
Is 89140577 a composite number?
True
Is 129349339 composite?
True
Is 11130491 prime?
False
Is 33685987 prime?
True
Is 309059 composite?
False
Is 226807 prime?
False
Is 135394537 prime?
False
Is 4109401 composite?
False
Is 91723679 a prime number?
False
Is 5643341 prime?
False
Is 1975573 composite?
False
Is 48434341 composite?
True
Is 758575021 prime?
True
Is 33772841 prime?
True
Is 175668991 composite?
False
Is 44687653 a composite number?
False
Is 126823 a prime number?
True
Is 883853 composite?
True
Is 1971311 